2 is divided by 45?
37
Calculate the remainder when 23432 is divided by 651.
647
Calculate the remainder when 523315 is divided by 174433.
16
Calculate the remainder when 10616 is divided by 10569.
47
What is the remainder when 45789 is divided by 12?
9
What is the remainder when 12784 is divided by 1065?
4
What is the remainder when 1409 is divided by 629?
151
Calculate the remainder when 256393 is divided by 61.
10
What is the remainder when 83988 is divided by 119?
93
What is the remainder when 7149 is divided by 3570?
9
What is the remainder when 1849 is divided by 1846?
3
Calculate the remainder when 3526 is divided by 1174.
4
What is the remainder when 62035 is divided by 6889?
34
Calculate the remainder when 5838 is divided by 1163.
23
What is the remainder when 206682 is divided by 206580?
102
Calculate the remainder when 17179 is divided by 535.
59
What is the remainder when 2948 is divided by 2881?
67
Calculate the remainder when 112370 is divided by 1477.
118
What is the remainder when 2512 is divided by 508?
480
What is the remainder when 234933 is divided by 117?
114
What is the remainder when 141062 is divided by 10?
2
Calculate the remainder when 47545 is divided by 1298.
817
What is the remainder when 23715 is divided by 177?
174
What is the remainder when 627 is divided by 149?
31
Calculate the remainder when 119560 is divided by 29851.
156
Calculate the remainder when 421806 is divided by 36.
30
What is the remainder when 34409 is divided by 36?
29
What is the remainder when 20604 is divided by 859?
847
What is the remainder when 8254 is divided by 4104?
46
What is the remainder when 2362 is divided by 2344?
18
What is the remainder when 3479 is divided by 263?
60
What is the remainder when 47157 is divided by 24?
21
Calculate the remainder when 151650 is divided by 4739.
2
Calculate the remainder when 1120 is divided by 552.
16
Calculate the remainder when 6352 is divided by 525.
52
What is the remainder when 4138021 is divided by 362?
361
What is the remainder when 316163 is divided by 185?
183
What is the remainder when 80741 is divided by 40273?
195
What is the remainder when 1355 is divided by 72?
59
Calculate the remainder when 47381 is divided by 4.
1
What is the remainder when 164555 is divided by 880?
875
What is the remainder when 38809 is divided by 695?
584
What is the remainder when 83428 is divided by 405?
403
Calculate the remainder when 6047 is divided by 1947.
206
What is the remainder when 11602 is divided by 639?
100
Calculate the remainder when 4045 is divided by 81.
76
Calculate the remainder when 5517 is divided by 46.
43
What is the remainder when 9396 is divided by 8593?
803
What is the remainder when 8864097 is divided by 900?
897
What is the remainder when 17690 is divided by 1000?
690
What is the remainder when 27152 is divided by 74?
68
What is the remainder when 121714 is divided by 60856?
2
What is the remainder when 153992 is divided by 21?
20
Calculate the remainder when 17682 is divided by 24.
18
What is the remainder when 97764 is divided by 33?
18
What is the remainder when 5895 is divided by 2928?
39
Calculate the remainder when 503 is divided by 421.
82
Calculate the remainder when 102573 is divided by 139.
130
What is the remainder when 5333 is divided by 22?
9
Calculate the remainder when 512 is divided by 249.
14
Calculate the remainder when 42573 is divided by 14190.
3
Calculate the remainder when 6971 is divided by 367.
365
What is the remainder when 7152 is divided by 3515?
122
What is the remainder when 70417 is divided by 36?
1
Calculate the remainder when 20908 is divided by 45.
28
What is the remainder when 6530 is divided by 198?
194
Calculate the remainder when 376123 is divided by 61.
58
Calculate the remainder when 30611 is divided by 10195.
26
What is the remainder when 819 is divided by 118?
111
Calculate the remainder when 76114 is divided by 103.
100
What is the remainder when 3497079 is divided by 19?
15
What is the remainder when 11155 is divided by 3693?
76
What is the remainder when 5327 is divided by 235?
157
What is the remainder when 27759 is divided by 347?
346
What is the remainder when 13714 is divided by 51?
46
Calculate the remainder when 211324 is divided by 107.
106
Calculate the remainder when 1698 is divided by 410.
58
What is the remainder when 43692 is divided by 575?
567
What is the remainder when 20479 is divided by 45?
4
What is the remainder when 315788 is divided by 105251?
35
Calculate the remainder when 1414 is divided by 292.
246
What is the remainder when 387930 is divided by 109?
108
What is the remainder when 12088 is divided by 811?
734
Calculate the remainder when 183007 is divided by 10.
7
Calculate the remainder when 1138 is divided by 1119.
19
Calculate the remainder when 66999 is divided by 33.
9
What is the remainder when 6905 is divided by 2290?
35
Calculate the remainder when 1813 is divided by 603.
4
What is the remainder when 10912 is divided by 1452?
748
What is the remainder when 57380 is divided by 4781?
8
Calculate the remainder when 11997 is divided by 154.
139
What is the remainder when 42310 is divided by 21145?
20
Calculate the remainder when 421878 is divided by 8.
6
Calculate the remainder when 580 is divided by 52.
8
Calculate the remainder when 4290 is divided by 1366.
192
Calculate the remainder when 18317 is divided by 9156.
5
What is the remainder when 29040 is divided by 4838?
12
Calculate the remainder when 311936 is divided by 242.
240
Calculate the remainder when 59989 is divided by 1304.
5
What is the remainder when 15149 is divided by 270?
29
Calculate the remainder when 4703 is divided by 940.
3
What is the remainder when 19308 is divided by 9628?
52
What is the remainder when 6024 is divided by 394?
114
Calculate the remainder when 52973 is divided by 176.
173
Calculate the remainder when 12678 is divided by 34.
30
What is the remainder when 5341 is divided by 756?
49
Calculate the remainder when 12722 is divided by 2114.
38
Calculate the remainder when 4623 is divided by 1423.
354
What is the remainder when 1022 is divided by 271?
209
Calculate the remainder when 39807 is divided by 311.
310
Calculate the remainder when 45711 is divided by 158.
49
What is the remainder when 681 is divided by 166?
17
Calculate the remainder when 7253 is divided by 924.
785
What is the remainder when 23679 is divided by 36?
27
Calculate the remainder when 34260 is divided by 27.
24
What is the remainder when 84405 is divided by 40?
5
What is the remainder when 3662 is divided by 1139?
245
Calculate the remainder when 18662 is divided by 306.
302
What is the remainder when 22618 is divided by 22607?
11
What is the remainder when 4551 is divided by 1514?
9
What is the remainder when 797851 is divided by 14?
5
What is the remainder when 132233 is divided by 12?
5
Calculate the remainder when 138652 is divided by 56.
52
What is the remainder when 81795 is divided by 317?
9
What is the remainder when 2604 is divided by 131?
115
Calculate the remainder when 5806 is divided by 359.
62
What is the remainder when 84727 is divided by 238?
237
What is the remainder when 49846 is divided by 24910?
26
Calculate the remainder when 1405 is divided by 360.
325
What is the remainder when 45261 is divided by 6458?
55
What is the remainder when 32633 is divided by 74?
73
What is the remainder when 10983 is divided by 997?
16
Calculate the remainder when 16789 is divided by 494.
487
What is the remainder when 40457 is divided by 686?
669
Calculate the remainder when 1933 is divided by 604.
121
What is the remainder when 291 is divided by 78?
57
Calculate the remainder when 3248 is divided by 201.
32
Calculate the remainder when 1924 is divided by 629.
37
What is the remainder when 15468 is divided by 130?
128
Calculate the remainder when 135029 is divided by 85.
49
Calculate the remainder when 250830 is divided by 16.
14
What is the remainder when 14231 is divided by 645?
41
What is the remainder when 2750 is divided by 246?
44
What is the remainder when 20312 is divided by 282?
8
What is the remainder when 10289 is divided by 166?
163
Calculate the remainder when 33860 is divided by 49.
1
Calculate the remainder when 185059 is divided by 264